t the prime factors of t.
2, 5, 19
Let w = 39 + -4. What are the prime factors of w?
5, 7
Suppose 0*l + 402 = -2*l. Let z be (-1 + 0)/((-3)/l). List the prime factors of z/(-5) - 12/30.
13
Let c be 4*(-1 + (-19)/(-4)). Suppose -15 = 5*v, 3*s + 6*v - 3*v - c = 0. List the prime factors of s.
2
Let s(h) = -2*h**3 - 8*h**2 + 2*h + 9. What are the prime factors of s(-6)?
3, 47
Let k(i) = i**2 + 4*i - 9. Let s(m) = -7*m**2. Let z be s(-1). Let o be k(z). Let w = o - 1. What are the prime factors of w?
11
Suppose -15 - 3 = -3*t. What are the prime factors of 6/(-4) + 141/t?
2, 11
Suppose -3*k + 0*k = 3. List the prime factors of (-1 - -11) + k + 3.
2, 3
Suppose -z = z + 2*p, -3*p - 28 = -4*z. Let m(q) = -q - 1. Let a(h) = 8*h + 1. Let k(r) = a(r) + 6*m(r). What are the prime factors of k(z)?
3
Let i(x) = -2 + 9 - x - 3 + x**2. What are the prime factors of i(-6)?
2, 23
Let s(g) = -g**3 - 9*g**2 - 8*g - 10. Let d be s(-8). Let c(b) = -6*b - 19. What are the prime factors of c(d)?
41
Suppose 0 = -5*x + 9 + 6. Let h(j) = j - 1. Let g be h(x). List the prime factors of ((-30)/4)/((-1)/g).
3, 5
Let v(b) = -4*b. Let x be v(-1). Suppose -16*y - 9 = -441. Suppose -f - 5*n = -y, -x*n + 24 = 2*f - f. What are the prime factors of f?
2, 3
Let t(v) = 5*v + 4. Let n(c) = -c. Let k(z) = -6*n(z) - t(z). List the prime factors of k(6).
2
Let y be (6/9)/((-2)/(-3)). Let t(o) be the third derivative of o**5/15 + 9*o**2. What are the prime factors of t(y)?
2
Let x = -24 - -59. Let n = 84 - x. List the prime factors of n.
7
List the prime factors of (-60 - -20)/((-2)/5).
2, 5
Let b = -28 - -40. Suppose -3*z - 6*n = -3*n - 6, 3*z - b = 3*n. Suppose 0 = -z*p + 4*p - 6. What are the prime factors of p?
2, 3
Let v be ((-6)/(-4) - 1)*-2. Let f be 1*(v + 0 + 6). Suppose -6 = -2*i, i - 5*i - 48 = -f*d. What are the prime factors of d?
2, 3
Let s be -94 - (3 - 4) - -1. Let o = -61 - s. List the prime factors of o.
31
Let p(a) = 19*a - 22. Let u(m) = -10*m + 11. Let l(g) = 6*p(g) + 11*u(g). List the prime factors of l(7).
17
Suppose o = 4*f - 6, 0 = 2*f - 3*f + 4*o - 6. Suppose 4*c = 2*y + f*y - 64, -3*y + 56 = -5*c. What are the prime factors of y?
2, 3
Let v(b) = -7*b**2 - 5*b + 22. Let z(w) = -w**2 - w + 1. Let c(a) = a**2 - a - 1. Let h be c(-1). Let r(p) = h*v(p) - 6*z(p). List the prime factors of r(0).
2
Let m(v) = -v**2 - 10*v + 3. Let h be m(-10). Suppose 5*a - 119 = -2*j - 0*j, -h*a + 3*j = -84. List the prime factors of a.
5
Suppose -3*y - m + 6 = 2*m, 3*m = 4*y - 15. List the prime factors of (2/y)/((-8)/(-192)).
2
Suppose 2*j - 4*j - 8 = 3*p, -3*p + 5*j = 22. What are the prime factors of (5 + 3)/p*-2?
2
What are the prime factors of (490/2)/1 - 2?
3
Let a = -12 - -48. Let y = -1 - -6. Suppose y*h - h = a. List the prime factors of h.
3
Let g = -229 - -384. List the prime factors of g.
5, 31
Let p(j) = j**3 + 2*j**2 - j + 2. Let n be p(-3). Let w(b) = b**2 + 2*b + 1. What are the prime factors of w(n)?
3
Let h(d) = 2*d + 11. List the prime factors of h(5).
3, 7
Let x(n) = 7*n**2 - 2*n + 7. List the prime factors of x(-3).
2, 19
Let u = 7 + 5. Let g = 14 + -15. Let m = u + g. List the prime factors of m.
11
Let n(g) = -g**2 + g. Let k(j) = -5*j**2 + 4*j - 7. Let x(t) = -k(t) + n(t). What are the prime factors of x(3)?
2, 17
Let q = -7 + 14. What are the prime factors of q?
7
List the prime factors of ((1 - 2) + 19)*(-46)/(-3).
2, 3, 23
Let d be (-2)/1 - 1*-4. Let o(p) = p - d*p + 2 + p**3 - 3*p**3 + 3*p**3. List the prime factors of o(0).
2
Suppose 2*r + r + 7 = 2*q, 11 = -2*q - 3*r. Let f = q - -3. Suppose -25 = -3*j - f*j. What are the prime factors of j?
5
Let o = 34 - 18. List the prime factors of (1 - -2)/(3/o).
2
Let a be 2 - 0 - (37 - 6). Let v = a - -45. What are the prime factors of v?
2
Suppose -3*n = -12 + 6. Suppose -2*y = -8, 3*p + 3*y - 3 = 57. Suppose p = j - n. List the prime factors of j.
2, 3
Suppose 2*u = -3*u + 10. Suppose 9 = u*h + 1. Suppose -3*x + 3 + 18 = -h*d, 3*x - d - 30 = 0. List the prime factors of x.
11
Let a(u) = -u + 1. Let p be a(0). Suppose w + 5 = 2*w. Let f = w - p. What are the prime factors of f?
2
Suppose 2*m = -m + 252. Suppose 2*c = n + 34, -n - m = -5*c + 2*n. List the prime factors of c.
2, 3
Let m(d) = 116*d + 5. What are the prime factors of m(1)?
11
Suppose 7*o - 12*o = -50. Let n = -8 + o. What are the prime factors of n?
2
Let x be 6/(0 + 3) - 2. Suppose 4*w - 5*q - 15 - 9 = x, -4*w + 24 = 3*q. Suppose w = -2*a + 4*a. What are the prime factors of a?
3
Let n(i) = i**2 + 11. Let u be n(0). Let m = 16 - u. List the prime factors of m.
5
Suppose 3 - 8 = -l. Let b(w) = -w**3 + 4*w**2 + 4*w + 5. Let j be b(l). Suppose j = -3*m + 9 - 0. List the prime factors of m.
3
Suppose n = f - 7, 0 = 5*n - 0*f - 2*f + 32. Suppose 4 = 2*a - 3*p - 1, -10 = 2*a + 2*p. List the prime factors of n/(-3)*(-9)/a.
3
Suppose t = 2*z - 123, 4*z - t = 303 - 54. Let a = -34 + z. What are the prime factors of a?
29
Let r be 1*(0/(-4))/(-4). Suppose -99 = -3*a - r*a. What are the prime factors of a?
3, 11
Suppose 4*n - 24 = 3*n. Suppose 5*b - 6 + n = 2*y, -y = -4*b - 3. List the prime factors of y.
19
Let q(v) = -v - 9. Let o be q(-14). Suppose 3*j - 2*h = 0, 5*j - j = 5*h. Suppose -o*n - 6 + 66 = j. List the prime factors of n.
2, 3
Suppose 5*g - 4*j = 5, -j = -g + 4 - 3. Suppose 5*w = -11 + g. Let b(c) = 2*c**2 + 3*c + 1. List the prime factors of b(w).
3
Let s(x) = -x**3 - 14*x**2 - 14*x - 10. List the prime factors of s(-13).
3
Let n(b) = b**3 + 14*b**2 - 1. Let i be n(-14). Let a(j) = 39*j**2 - 1. List the prime factors of a(i).
2, 19
Let l be ((-14)/4)/(-1)*6. Let m = -13 + l. List the prime factors of m.
2
Let p be 2/4 - 3/(-2). Let m(k) = 2*k**3 - 2*k**2 + 2. Let o be m(p). Suppose 2*z - 4*t + 10 = 0, 0 = -0*z + 4*z - 2*t - o. List the prime factors of z.
5
Suppose -3*p - 2 = 4*a - 135, 166 = 5*a + 4*p. What are the prime factors of a?
2, 17
Let d = 78 + -40. List the prime factors of d.
2, 19
Let k(j) be the second derivative of j**5/60 - 2*j**3/3 - j**2/2 + 2*j. Let t(w) be the first derivative of k(w). What are the prime factors of t(-4)?
2, 3
Let o = -1 - -7. Suppose -2 = -2*i + 2*r, -3*r - o = -21. List the prime factors of i.
2, 3
Let c be -2 + 2 - 6*-17. List the prime factors of c/8 + 2/8.
13
Let t be 16 - ((-2)/2 + -1). Suppose -55 = -t*h + 13*h. What are the prime factors of h?
11
Let i = -16 + 10. Let b(v) = v + 9. List the prime factors of b(i).
3
Suppose -2*u + 3*a = -292, 3*u = -0*u + 3*a + 432. Suppose 0 = 3*i + 2*i - u. List the prime factors of 2/(-3) + i/6.
2
Suppose -34 = -3*n + 170. What are the prime factors of n?
2, 17
Let v(r) be the first derivative of r**4/4 - 5*r**3/3 + r**2 - 3*r - 8. Let g = 10 - 5. What are the prime factors of v(g)?
7
Let o = -7 + 10. Suppose 4*i = 3*j + j, -5*j = -o*i - 8. Suppose -4*z + 2 = 2*g, 3*z = -2*g + j + 3. List the prime factors of g.
11
Suppose 96 = -5*o + 9*o. List the prime factors of o.
2, 3
Let j be -3 + 1/(4/16). List the prime factors of j/(1/36) - 1.
5, 7
List the prime factors of 45 - -4 - (-3 + 0).
2, 13
Suppose 2*i - 3*d - 47 = 0, 3*d - 1 = -i - 0. List the prime factors of i.
2
Let t = -144 - -209. What are the prime factors of t?
5, 13
Let h = -9 - -7. Let j = 4 + h. What are the prime factors of j?
2
Suppose 5*y - 2*y = 12. List the prime factors of y.
2
Suppose 2*q - 6 = 0, 3*a + 4*q + 12 = 7*a. Let d be 10/(-5)*a/(-4). Suppose -d*i + 4*i = 2*s - 9, 0 = -i + 1. What are the prime factors of s?
5
Suppose 2*b + 3*b - 50 = 0. Let j be ((-5)/10)/((-2)/(-24)). Let i = j + b. What are the prime factors of i?
2
Let i(s) = s**2 - s - 1. Let g(w) = -w**3 + w**2 - 4*w - 1. Let d(r) = -g(r) + 5*i(r). What are the prime factors of d(-3)?
2
Suppose 3*g = -2*g + 10. What are the prime factors of (-1)/g + 105/10?
2, 5
List the prime factors of (18 - 1)/((-3)/(-6)).
2, 17
Suppose 3*a - 1 = 8. Let c = a - 1. What are the prime factors of c/(-12) + (-122)/(-12)?
2, 5
Suppose 4*x = -5*s - 27, 5*s = 3*s + 4*x - 22. Suppose -40 = 5*i - 5*n, 4*i - 3*n + 6*n - 3 = 0. Let h = i - s. List the prime factors of h.
2
Let s = 602 + -421. List the prime factors of s.
181
Let o be (-8)/20*(1 - 46). Suppose 3*m - o = -3. What are the prime factors of m?
5
Let v = 7 + -1. Let k(w) be the second de